ppose -3*y - 86 + 17 = 2*t, 3*t - 5*y = -75. Suppose 42 = -2*h + 40. What is the units digit of (h*1)/(3/t)?
0
Let k(a) = a**3 - 35*a**2 + 87*a - 124. What is the hundreds digit of k(34)?
6
Let r(c) = 18*c**2 - 8*c + 12. What is the units digit of r(4)?
8
Let x be 3 - (-4 - (-3 - 1)). Suppose 5*s = p - 27, -2*p - 5*s - 15 = x*p. What is the tens digit of (p - -4)/((-1)/(-2))?
1
Let n(g) = 3*g**2 + 33*g - 32. What is the units digit of n(7)?
6
Let u = 2529 - 2437. What is the tens digit of u?
9
Let q(j) be the first derivative of -j**3/3 + 9*j**2/2 + 7*j - 1. What is the units digit of q(7)?
1
Let x(r) = r**3 + 8*r**2 + 7*r - 4. Suppose 4*t - 5*n - 20 = 11, 0 = 5*t - 4*n - 32. Let w be t/6 + 60/(-9). What is the units digit of x(w)?
6
Suppose 17*f = 6*f + 15499. What is the hundreds digit of f?
4
Let d = -23 + 29. Suppose d = 5*c - 79. What is the tens digit of c?
1
Let j(d) = 2*d**3 - 5*d**2 - 5. Let v be j(4). Let f = v + 25. What is the units digit of f?
8
Suppose 34*z - 15 = 29*z, 5*f - 4*z = 6743. What is the thousands digit of f?
1
Let i = 12 - 4. Suppose z + 53 = 4*h, 8*z + 85 = 5*h + 3*z. Suppose -h*y + i*y + 28 = 0. What is the units digit of y?
7
Let v(i) = 8*i - 8. Suppose 10*m + 10 = 15*m. Suppose 5*s = -m*u - 0*u + 31, -3*s + 5*u = -31. What is the tens digit of v(s)?
4
Let h(a) = -2*a**3 - 6*a**2 - 3*a - 7. Let b be h(-3). What is the units digit of (-2*1)/b + (-2070)/(-23)?
9
Suppose -35 = -3*r + 3*t + 106, 0 = 2*r - 4*t - 102. Suppose 2*j - r - 5 = 0. What is the units digit of j?
4
Let o = -6 + 10. Let w(m) = m**2 - 10*m + 19. Let b be w(8). Suppose o*q = 19 - b. What is the units digit of q?
4
Let x = -13 + 15. Let r = 26 + x. Suppose 3*w = p + r, -3 = 4*w + 5*p - 15. What is the units digit of w?
8
Let v(a) = 9*a - 12. Suppose 21 + 21 = 6*f. What is the tens digit of v(f)?
5
Suppose 0 = c + c - 2. Let u(q) = 67*q**2 - 1. What is the units digit of u(c)?
6
Suppose 0 = -13*r + 19382 - 3301. What is the hundreds digit of r?
2
Suppose -93 + 33 = -6*d. Suppose -78 = -u - 5*z, u = -2*z - d + 100. What is the units digit of u?
8
Let h(f) = f**3 + 20*f**2 - 12*f - 3. What is the hundreds digit of h(-18)?
8
Let k be (7/(-2))/(2/(-4)). Suppose k*j - 141 = 27. What is the tens digit of j?
2
Let q(g) = -g + 1. Let f(p) = -5*p - 1. Suppose 0 = 3*i + 2*i + 5. Let n(a) = i*f(a) + 6*q(a). What is the units digit of n(6)?
1
Let r = -8 + 4. Let d be 555/10 - 2/r. Suppose 3*c - 2*w - 38 = 0, -5*c + 2*w - 6*w + d = 0. What is the tens digit of c?
1
Let h = -24 + 26. Suppose 0 = u + 4*s - 15, h*s - 31 - 29 = -4*u. What is the units digit of 936/u + (-6)/15?
2
Suppose 2*f = -y + 1463, -f - 4*y = -6*f + 3638. What is the units digit of f?
0
Let m be (-2)/(-7) + (-264)/(-56). Let g = -2 + m. What is the units digit of g/(-3) + 0 - -15?
4
Let x = -7 - -5. What is the tens digit of ((-188)/8 + -1)*x?
4
What is the units digit of 528/3 - 84/14?
0
Let i(h) = 42*h**2 - h. Let u = -7 + 6. What is the tens digit of i(u)?
4
Let i = 15 + -10. Suppose 2*r = i*l - 10*l + 2, -3*l = r. Let b(o) = o**3 - 6*o**2 + 6*o. What is the units digit of b(r)?
6
Let a(i) = 4*i**2 - 2*i - 4. Let l be (-4)/(-16) - 60/(-16). What is the units digit of a(l)?
2
Let t = 602 - 328. What is the hundreds digit of t?
2
Let c = -53 + 48. What is the units digit of 26/(c*8/(-20))?
3
Let y be -2*12/(-8)*1. Suppose g - 4*j - 58 = j, g - y*j - 62 = 0. Suppose -t - 3*h = -0*h - 28, 0 = 5*t - 3*h - g. What is the units digit of t?
6
Suppose -5*x = 3*c - 0*c - 210, 3*x = 5*c - 350. Suppose -c = 3*o + 314. Let w = o + 203. What is the units digit of w?
5
Suppose -q - 2*q = -9. Suppose g + 2*g = -q*l + 27, -l + 4*g = -14. Suppose -12*u + 32 = -l*u. What is the tens digit of u?
1
Suppose 0 = c - 142 + 25. What is the units digit of c?
7
What is the tens digit of (-7664)/(-40) - 8/(-20)?
9
Suppose i = 35 - 0. Suppose k = 2*k - 4*m + i, k = 3*m - 30. Let z = k - -29. What is the units digit of z?
4
Let i = 749 + -652. What is the tens digit of i?
9
Suppose 2*u - 6*u + 247 = -3*n, 4*u = 5*n + 249. Suppose -4*s = 5*x - 98, -5*s + x + u = -76. What is the tens digit of s?
2
Suppose 10*j - 9*j = 371. What is the hundreds digit of j?
3
Let d(p) = -10*p**2 - 2*p + 6. Let t be d(-3). Suppose 3*q - 5*b - 92 = 2*q, -2*q = 5*b - 259. Let z = t + q. What is the units digit of z?
9
Suppose 2*h - 5*g = -11 + 154, -209 = -3*h + 2*g. Let p = h + -68. What is the units digit of p?
1
Suppose -3*g + 3*s + 93 = 0, 2*g + 1 = 4*s + 69. Let b be 60/(-14) + 6/21. Let r = g + b. What is the tens digit of r?
2
Let s be 3/(-9)*((-3 - -5) + 1). Let l = 25 - 17. What is the units digit of s/((l/(-2))/92)?
3
Let c(x) = 32*x - 214. What is the tens digit of c(13)?
0
Suppose g + 5*g = 60. Let p(c) = -c**3 + 13*c**2 - 19*c + 8. What is the hundreds digit of p(g)?
1
Let l(g) = 4*g**3 - g**2 - 3*g + 3. Let p be l(4). Let c = p + -133. What is the tens digit of c?
9
Let o(z) = 13*z + 15. Let x(y) = y**2 - 9*y + 24. Let u be x(4). What is the tens digit of o(u)?
6
Let z(n) = 100*n**2 + 19*n + 44. What is the hundreds digit of z(-5)?
4
What is the hundreds digit of -2679*(-6)/(-54)*-3?
8
Suppose 5*c - 4213 = -3*z - 757, 2*z = -3*c + 2073. What is the units digit of c?
3
Let f(w) = 323*w - 78. What is the tens digit of f(4)?
1
Let h = 8 - 0. What is the tens digit of (h/(-3))/(6/(-27))?
1
Let j be (-2)/(-4) + (-10392)/(-16). Suppose 3*r - 329 = -5*d + 61, 5*r - 5*d - j = 0. What is the units digit of r?
0
Let v(n) = -n**3 + 2*n**2 - 2*n + 3. Let x be v(2). Let q be (x - -8)*(-2 - -38). What is the units digit of ((-36)/(-14))/(27/q)?
4
Let o = -6 - -21. Suppose 0 = r + 2 - o. Suppose -8*t - 65 = -r*t. What is the tens digit of t?
1
Let s(x) = -5*x**2 + 119 + 14*x**2 - 9*x**2 + x**3 - x. What is the units digit of s(0)?
9
Let g be (-5812)/(-14) + 20/(-140). Suppose 5*p = -0*p + g. What is the tens digit of p?
8
Suppose -4*w - 1379 = -3*l, 0 = -w - 3*w - 8. What is the units digit of l?
7
Let r(h) = -3972*h**3 - 2*h**2 - 6*h - 5. What is the hundreds digit of r(-1)?
9
Let h(i) = -i**2 + 12*i + 1. Suppose 2*r - y = r + 8, 2*r - 5*y = 22. Let w(u) = u**3 - 5*u**2 - 6*u + 7. Let m be w(r). What is the tens digit of h(m)?
3
Let q = 1269 + -382. What is the hundreds digit of q?
8
Let z = 221 - 57. What is the hundreds digit of z?
1
Let z(l) = -53*l**3 + 2*l**2 + 8*l + 5. What is the units digit of z(-1)?
2
Suppose 4497 + 3868 = 7*j. What is the hundreds digit of j?
1
Let v = -196 - -220. What is the tens digit of v?
2
Suppose -101*r + 91202 = -311384. What is the units digit of r?
6
Let i(m) be the third derivative of -m**4/3 + 19*m**3/6 + 16*m**2. What is the tens digit of i(-15)?
3
Let a(o) = -6*o - 251. What is the units digit of a(-42)?
1
What is the units digit of (290/40)/(9/2376)?
4
Suppose x - 5*x + 4*k + 16 = 0, 3*x - 2 = -2*k. Suppose 3*l + x*u + 2 = 0, 0 = 2*l + 2*l + u + 1. Suppose 3*n - 4*n + 4 = l. What is the units digit of n?
4
Let t be 2/5 - (-1807)/(-5). Let p be t/(-3) - (-3)/(-9). Suppose 0 = -4*x + 3*z + 93, 2*z = 5*x - z - p. What is the units digit of x?
7
Suppose a - 7*a - 1512 = 0. Let f be (-2 + (-1 - a))*1. Suppose 0 = -5*j - o - 0*o + f, -151 = -3*j - o. What is the tens digit of j?
4
What is the tens digit of (-1366)/(-2) - (70/5)/7?
8
Suppose 0 = r + 72 + 75. Let o = r + 251. What is the tens digit of o?
0
Let l(y) = 48*y**2 + 2. Let j be l(-1). Let m be (-2)/(-5) - 20/j. Suppose m*n - 43 = -n. What is the units digit of n?
3
Suppose 0*g - g = -4. Suppose -380 = -g*o - o. What is the units digit of o?
6
Suppose -1006 = -2*i + 3*f, 0 = -i - 0*f - 5*f + 516. What is the tens digit of i?
0
Suppose -2*h - 3*u - 2*u + 25 = 0, -2*u = 3*h - 54. Suppose 0 = 3*w + j - h, 5*j - 20 = -3*w - 2*w. Let g = 21 - w. What is the units digit of g?
3
Let y(t) = -2*t**2 + 9*t + 4. Let b(k) = k + 1. Let o(g) = 6*b(g) - y(g). Suppose 5*a - x - 15 = -3*x, -5*a - 4*x = -15. What is the tens digit of o(a)?
1
Let o = -80 - -102. Suppose o = k - 2*m - 309, m - 1710 = -5*k. What is the hundreds digit of k?
3
Suppose -2*i = 3*r + 12, -3*r + 1 = 3*i + 13. What is the units digit of -1 - (-71 + r + 5)?
9
Suppose 6*x - 2*x - 852 = 3*p, -x = -5*p - 230. Suppose 0 = q + 5*q - x. What is the units digit of q?
5
Suppose -4*k + 8*k + 5*c = 1